False
Is 7289 a composite number?
True
Is 187 a prime number?
False
Is 123701 prime?
True
Is 9181 a composite number?
False
Is 29933 a prime number?
False
Is 219119 prime?
True
Is 67029 a prime number?
False
Is 223 prime?
True
Is 955 composite?
True
Is 5399 a prime number?
True
Is 371738 a composite number?
True
Is 3547 composite?
False
Is 47701 a prime number?
True
Is 387953 composite?
False
Is 51767 a prime number?
True
Is 14165 composite?
True
Is 11126 prime?
False
Is 141 a prime number?
False
Is 15401 a prime number?
True
Is 1949 a composite number?
False
Is 9761 a composite number?
True
Is 73345 a prime number?
False
Is 3587 prime?
False
Is 6667 composite?
True
Is 18479 composite?
True
Is 10057 a composite number?
True
Is 14621 a composite number?
False
Is 54389 a prime number?
False
Is 415081 composite?
True
Is 6085037 a prime number?
False
Is 34753 a composite number?
True
Is 3596137 composite?
False
Is 10357 a prime number?
True
Is 68806 a composite number?
True
Is 68687 a composite number?
False
Is 4751 a prime number?
True
Is 26591 composite?
False
Is 7393 prime?
True
Is 98773 composite?
False
Is 20653 a prime number?
False
Is 937689 composite?
True
Is 32313 composite?
True
Is 62359 a prime number?
False
Is 2767 composite?
False
Is 509 composite?
False
Is 2206429 composite?
False
Is 81451 prime?
False
Is 249177 composite?
True
Is 95 a prime number?
False
Is 44413 a composite number?
True
Is 2722427 prime?
True
Is 13259 a composite number?
False
Is 1709593 prime?
True
Is 4201 a composite number?
False
Is 16871 composite?
False
Is 82769 a prime number?
False
Is 187787 composite?
False
Is 42323 prime?
True
Is 14431 prime?
True
Is 153701 a prime number?
True
Is 613 a prime number?
True
Is 59434 prime?
False
Is 10007 a composite number?
False
Is 12689 prime?
True
Is 2879 a prime number?
True
Is 11171 prime?
True
Is 25523 a prime number?
True
Is 7355 composite?
True
Is 1009 a composite number?
False
Is 12811 a prime number?
False
Is 426913 composite?
False
Is 7726 prime?
False
Is 1502 prime?
False
Is 247773 a composite number?
True
Is 12869 a composite number?
True
Is 1399 a prime number?
True
Is 529577 prime?
True
Is 1418 a composite number?
True
Is 260969 a composite number?
False
Is 10814 a prime number?
False
Is 37067 prime?
False
Is 55313 a prime number?
True
Is 6311 composite?
False
Is 50669 prime?
False
Is 93097 a composite number?
False
Is 6539 composite?
True
Is 585955 composite?
True
Is 13766 a composite number?
True
Is 148609 a prime number?
True
Is 61573 prime?
False
Is 365627 composite?
False
Is 120893 a prime number?
False
Is 105071 composite?
False
Is 286799 composite?
True
Is 49701 a prime number?
False
Is 482261 composite?
True
Is 145943 composite?
True
Is 311951 a composite number?
False
Is 763859 composite?
False
Is 19699 composite?
False
Is 207983 a prime number?
False
Is 1769227 prime?
True
Is 158243 prime?
True
Is 41333 prime?
True
Is 5392369 a composite number?
False
Is 768269 prime?
False
Is 74713 composite?
False
Is 110207 composite?
True
Is 750311 prime?
True
Is 3398851 prime?
True
Is 118739 a composite number?
False
Is 30903 composite?
True
Is 15427 a composite number?
False
Is 516611 prime?
True
Is 44017 a composite number?
False
Is 139483 composite?
False
Is 3109 composite?
False
Is 193079 prime?
False
Is 113891 prime?
True
Is 14845 a composite number?
True
Is 85279 prime?
False
Is 2625137 a prime number?
True
Is 1405919 a prime number?
True
Is 45145 a prime number?
False
Is 3793 composite?
False
Is 2179 composite?
False
Is 18519 prime?
False
Is 34231 prime?
True
Is 2281411 composite?
True
Is 2927 a prime number?
True
Is 391555 composite?
True
Is 607406 prime?
False
Is 51607 a prime number?
True
Is 6761497 prime?
True
Is 321919 prime?
False
Is 3493 a composite number?
True
Is 2461 a composite number?
True
Is 5433 a prime number?
False
Is 1640577 prime?
False
Is 25687 a prime number?
False
Is 62423 prime?
True
Is 73907 a prime number?
True
Is 873967 a composite number?
True
Is 277118 prime?
False
Is 90121 a prime number?
True
Is 25667 a composite number?
False
Is 1049 a composite number?
False
Is 209123 a composite number?
False
Is 72461 a composite number?
False
Is 28387 composite?
False
Is 129187 a prime number?
True
Is 40009 prime?
True
Is 18589 prime?
False
Is 2629 a prime number?
False
Is 603247 a composite number?
True
Is 1693 a composite number?
False
Is 36191 prime?
True
Is 128713 a composite number?
True
Is 141179 a prime number?
True
Is 37117 a composite number?
False
Is 652991 a prime number?
True
Is 478997 a prime number?
False
Is 1007 a composite number?
True
Is 177799 a prime number?
False
Is 671633 composite?
False
Is 46627 composite?
True
Is 2279 composite?
True
Is 226693 a composite number?
True
Is 14566 a prime number?
False
Is 116993 a prime number?
True
Is 119027 composite?
False
Is 1086427 a prime number?
False
Is 21433 a composite number?
False
Is 24197 composite?
False
Is 5333 prime?
True
Is 15133 a prime number?
False
Is 33987 a prime number?
False
Is 1713121 composite?
False
Is 57691 a prime number?
False
Is 104207 a prime number?
True
Is 1835 a prime number?
False
Is 615517 a composite number?
True
Is 22181 prime?
False
Is 178469 a prime number?
True
Is 59335 composite?
True
Is 533447 a prime number?
True
Is 898253 composite?
False
Is 9257 composite?
False
Is 11851 a prime number?
False
Is 111647 a prime number?
False
Is 25879 prime?
False
Is 444743 prime?
False
Is 26501 a prime number?
True
Is 111803 prime?
False
Is 165603 a composite number?
True
Is 144317 a prime number?
False
Is 243805 composite?
True
Is 244087 composite?
False
Is 10819 a prime number?
False
Is 5855 a prime number?
False
Is 16495 prime?
False
Is 3943 composite?
False
Is 35069 a composite number?
False
Is 210299 a composite number?
False
Is 1579 a composite number?
False
Is 1710383 a prime number?
True
Is 352181 composite?
False
Is 12071 a prime number?
True
Is 1398863 a composite number?
False
Is 59441 prime?
True
Is 12131 a composite number?
True
Is 327059 a composite number?
False
Is 25699 a prime number?
False
Is 5737 composite?
False
Is 89885 a prime number?
False
Is 746 a composite number?
True
Is 343297 prime?
False
Is 76907 composite?
False
Is 1615381 a composite number?
True
Is 1796633 composite?
True
Is 322397 prime?
True
Is 69761 a composite number?
False
Is 13159 a prime number?
True
Is 54521 prime?
True
Is 10221 a prime number?
False
Is 170959 composite?
True
Is 40219 composite?
True
Is 61357 a prime number?
True
Is 2579 composite?
False
Is 45007 a composite number?
False
Is 3098101 a composite number?
False
Is 563435 a composite number?
True
Is 1012861 prime?
True
Is 1326371 prime?
False
Is 78635 a composite number?
True
Is 1601071 prime?
True
Is 921 a composite number?
True
Is 2226131 a prime number?
True
Is 21449 composite?
True
Is 42659 prime?
False
Is 106163 a prime number?
True
Is 598337 a composite number?
True
Is 59999 prime?
True
Is 88481 a composite number?
True
Is 6073 composite?
False
Is 236197 prime?
False
Is 12071 a prime number?
True
Is 139399 prime?
False
Is 186311 composite?
False
Is 220487 a composite number?
True
Is 647 a prime number?
True
Is 5554 a composite number?
True
Is 13589 composite?
True
Is 74021 prime?
True
Is 216499 a composite number?
True
Is 23597 a prime number?
False
Is 1034101 a composite number?
False
Is 4047013 prime?
True
Is 631 composite?
False
Is 408621 a prime number?
False
Is 30181 prime?
True
Is 6547 composite?
False
Is 109555 composite?
True
Is 165497 a composite number?
True
Is 190471 prime?
True
Is 19739 a composite number?
False
Is 885607 prime?
True
Is 274 prime?
False
Is 227723 composite?
True
Is 347 a prime number?
True
Is 5599 composite?
True
Is 128579 prime?
False
Is 7477 prime?
True
Is 27505 prime?
False
Is 2060147 a prime number?
False
Is 469351 prime?
True
Is 408263 composite?
False
Is 2963 a composite number?
False
Is 102911 composite?
False
Is 5923 composite?
False
Is 22141 composite?
True
Is 27533 composite?
True
Is 16853 prime?
False
Is 3197 a composite number?
True
Is 449 composite?
False
Is 12143 a prime number?
True
Is 155143 composite?
True
Is 848611 a prime number?
True
Is 3261 prime?
False
Is 191741 prime?
False
Is 12869 prime?
False
